me factors of 1*(1 + (a - -33)).
2, 3, 5
Suppose -4*m - 384 = -b, -360 = 3*m - 4*b - 85. Let a = 156 + m. What are the prime factors of a?
59
Let w = 1 - -4. Suppose -4*c - w = -177. What are the prime factors of c?
43
List the prime factors of (-16)/88 - 14546/(-22).
661
Let v = 2042 + 873. List the prime factors of v.
5, 11, 53
Suppose -6*s - 12 = -2*s. List the prime factors of 4506/36 + s/18.
5
Let h(f) = f**3 + 7*f**2 - 14*f - 7. What are the prime factors of h(-6)?
113
Let i = -582 - -1534. What are the prime factors of i?
2, 7, 17
Let i = -19 + 22. Suppose i*u = -4*d - 3, -3*d + 4*u + 7 = -22. Suppose 5*c = d*c + 146. List the prime factors of c.
73
Suppose 566 = 4*a - 166. What are the prime factors of a?
3, 61
Suppose -3*t = 2*r - 13, -3*t + 5 = -8*t. Let z(m) = 22*m + 12. What are the prime factors of z(r)?
2, 47
Suppose 0 = 2*a + s - 73, 4*a + 5*s - 131 = 6*s. List the prime factors of a.
2, 17
List the prime factors of ((-114)/(-12))/(2/20).
5, 19
Let d(s) = 26*s**2 + 29*s - 6. What are the prime factors of d(5)?
3, 263
Let j = 564 - 310. What are the prime factors of j?
2, 127
Let m(f) = 899*f - 682. What are the prime factors of m(7)?
31, 181
Suppose -17*n = -13*n - 4. Let v(r) = 40*r**2 - 3*r + 2. List the prime factors of v(n).
3, 13
Let o be 2*5/2*7. Let a = -29 + o. What are the prime factors of ((-8)/1)/(a/(-21))?
2, 7
Let v(d) = -46*d**3 + d**2 + d. Let m = 1 + 2. Let y(o) = -2*o + 5. Let s be y(m). What are the prime factors of v(s)?
2, 23
Let m(j) = -6*j + 3. Let c(w) = 7*w - 4. Let x(y) = -3*c(y) - 4*m(y). Let i be x(1). Suppose 0 = i*z - 5*z + 6. List the prime factors of z.
3
Let f(z) = -z**3 - 8*z**2 - 6*z + 15. Let n be f(-7). Suppose 2*a + 0 - n = 0. Let c = 13 - a. What are the prime factors of c?
3
Let l(n) = -48*n - 75. What are the prime factors of l(-28)?
3, 47
What are the prime factors of (518/(-21))/((-1)/(0 + 75))?
2, 5, 37
Suppose 7*s = 12*s - 30. Suppose -s*q + 308 = -2*q. What are the prime factors of q?
7, 11
Let v(y) = 193*y + 26. List the prime factors of v(6).
2, 37
Let f(i) be the third derivative of i**6/15 + i**5/60 + i**4/6 - i**3 + 34*i**2. List the prime factors of f(3).
3, 7, 11
Let p(t) = -t**3 - 6*t**2 - t + 4. Suppose 0 = 3*a - 4 + 22. What are the prime factors of p(a)?
2, 5
Let h(m) = -7*m + 12*m - 23*m - 5 + 56. What are the prime factors of h(-9)?
3, 71
Suppose 8*m - 32 = 48. Suppose 6*c + m*c = 848. What are the prime factors of c?
53
Let a(z) = -z**3 + 9*z**2 - 18*z + 2. Let m be a(6). Suppose 2*d + 2 = -l - d, -m*d = 5*l - 16. Let q = 45 - l. List the prime factors of q.
41
Let j = -185 + 247. What are the prime factors of j?
2, 31
Let x(z) = 2*z**2 + 4*z**2 + 0*z - 5*z**2 + 8 - 8*z. Let h be x(4). What are the prime factors of (21/(-4) + 2)*h?
2, 13
Let a = 3359 + -1814. List the prime factors of a.
3, 5, 103
Suppose 3*z - 1517 + 434 = 0. What are the prime factors of z?
19
Let p(g) = -21*g**3 - 2*g**2 + 21*g + 61. List the prime factors of p(-3).
547
Let r(t) = -t**3 - 7*t**2 + 8*t + 3. Let q be r(-8). Suppose -29 + 200 = q*f. What are the prime factors of f?
3, 19
Let n = 739 - 328. What are the prime factors of n?
3, 137
Let s = 1968 + -1324. What are the prime factors of s?
2, 7, 23
Let a = -908 + 4108. List the prime factors of a.
2, 5
Let z be 4 - -1 - (1 + -3). Let l be -2 + (z - -3 - 4). Let i(j) = j**3 - 3*j**2 + 3*j - 5. List the prime factors of i(l).
23
Let t(s) = 5*s**3 + s**2 - s. Let v be t(1). Suppose v*m + 99 = -31. List the prime factors of 3 + (-3 - 0) - m.
2, 13
Let x = -6 - -31. Let f = x - 18. Suppose -10*p = -9*p - f. List the prime factors of p.
7
What are the prime factors of (1/4)/((-30)/40)*-801?
3, 89
Suppose -4*w - 10 = 3*q, -q = 4*w - 3*q. Let p be 6/9*(w + 4). Let r(d) = 12*d - 3. List the prime factors of r(p).
3, 7
Suppose 0 = -2*b - 2*v + 326, -494 = -4*b + v + 168. What are the prime factors of b?
3, 5, 11
Let j(u) = u**2 + 14*u. Let i be j(-14). Suppose -5*v + 941 - 181 = i. What are the prime factors of v?
2, 19
Let o be (3 - 6)/3 + (-7 - -8). Suppose -f + 11*f - 140 = o. List the prime factors of f.
2, 7
Let k = 4177 + -1883. What are the prime factors of k?
2, 31, 37
Let u be ((-14)/21)/((-2)/648). Let o = 315 - u. Let w = -60 + o. List the prime factors of w.
3, 13
Suppose -4*a + 13 + 3 = 0. Let g = -812 - -568. What are the prime factors of g/(-11) + a/(-22)?
2, 11
Suppose -z = 2*j - 392, -j + 698 = 4*z - 905. What are the prime factors of z?
2, 3, 67
Suppose -y + 2828 = s, -21*s + 23*s - 2828 = -y. What are the prime factors of y?
2, 7, 101
Suppose -5*r + 6 = -2*r. Suppose -r*s + 57 = -s. List the prime factors of s.
3, 19
Let b(f) be the second derivative of -f**5/20 + f**4/24 + f**3/3 + 2*f. Let n(t) be the second derivative of b(t). What are the prime factors of n(-1)?
7
Let h(v) = 8*v - 30. Let m be h(4). Suppose 4*o + 137 - 521 = -m*t, 20 = 5*t. What are the prime factors of o?
2, 47
Suppose -281*f + 273*f = -17768. List the prime factors of f.
2221
Let v(a) = a**3 - 6*a**2 - 10*a - 3. Let b be v(7). Let q = b + 33. List the prime factors of q.
3
Let t(u) = 30*u**2 + 3*u - 26. List the prime factors of t(4).
2, 233
Suppose 3*p + 3 = -2*i + 13, -3*p + i = -4. Let s(c) = 24*c. Let m(z) = -23*z. Let l(g) = -6*m(g) - 5*s(g). List the prime factors of l(p).
2, 3
Suppose 0 = -124*x - 3*x + 46101. List the prime factors of x.
3, 11
Let y be -2 + 15 + 6/(-2). Suppose y = 4*v + v. Suppose 4*x - z = -6*z + 53, -v*x - 5*z + 19 = 0. List the prime factors of x.
17
Let j = 262 + -510. Let u = -136 - j. What are the prime factors of u?
2, 7
Let c be (-48)/(-5)*(-2 - 19/(-2)). Let t = c + -14. What are the prime factors of t?
2, 29
Suppose -12*r = -13*r + 3*i + 3347, 0 = -4*r - 4*i + 13388. List the prime factors of r.
3347
Let z be (6/(-8))/(13/52). Let a = 29 + -15. Let f = a + z. What are the prime factors of f?
11
Suppose 10*z + 15*z = 12750. What are the prime factors of z?
2, 3, 5, 17
Let s = -61 + -4. What are the prime factors of (-9)/(-3) - (0 + 3 + s)?
5, 13
Let b(w) = 2*w - 2. Let j = -2 - -4. Let v be b(j). Suppose i + 4*f - 16 = 0, -i + v*f = -2*i + 22. What are the prime factors of i?
2, 7
Let j = 27 - -15. Suppose -i = -2*u - j, -171 = -3*i - 0*u - 3*u. What are the prime factors of i?
2, 13
Let o(q) = -3*q**3 - 22*q - 108. List the prime factors of o(-8).
2, 401
Let k = -1 + -2. Let f(y) = 3*y**2 + 2*y - 1. Let b be f(k). List the prime factors of ((-3)/(-2))/(2/b).
3, 5
Let o(b) = -2*b - 11. Let t be o(6). Let p = t - -12. Let l = 66 + p. What are the prime factors of l?
5, 11
Let s = -2 - -5. Suppose 2*b - s*t - 31 = 0, 0 = b + 5*t - 4*t - 18. Suppose -13 = -2*u + b. What are the prime factors of u?
3, 5
Let y = -351 - -551. Suppose -2*d = 18 - y. What are the prime factors of d?
7, 13
Suppose 0 = -2*v + 4*v - 2, 3*v = 4*f - 1157. List the prime factors of f.
2, 5, 29
Let u be (6 - -4)*(-12)/(-15). Let p = u - 4. Suppose -4 = -4*n + p. List the prime factors of n.
2
List the prime factors of -3 + (-7 - -5 - -1261).
2, 157
Let j be 37*19 + 4/(-4). Suppose -m - j = 2*m. What are the prime factors of ((-1)/2)/(3/m)?
3, 13
Suppose -2*z - 7 - 37 = 0. Let l = 25 + z. List the prime factors of 700/12 - (-2)/l.
59
Suppose 7*m - 1488 = 1249. Let l = m + -210. What are the prime factors of l?
181
Let d = 229 - -81. List the prime factors of d.
2, 5, 31
Let l(s) = 11 + 1 - 66*s**2 + 55*s**2 - 5*s - 2*s + s**3. Let u be l(11). Let d = -6 - u. List the prime factors of d.
59
Suppose -m = -471 + 85. List the prime factors of m.
2, 193
Let q(k) = 704*k + 534. List the prime factors of q(5).
2, 2027
Let q = 658 + -405. What are the prime factors of q?
11, 23
Let m = -896 + 1317. List the prime factors of m.
421
Let l(c) be the first derivative of -29*c**2/2 - 2*c - 5. Let t be l(-2). Let q = -40 + t. List the prime factors of q.
2
Suppose 258 = -3*w + 1131. What are the prime factors of (0 - -3)/((-1)/w*-9)?
97
List the prime factors of (-3)/(-5) + 7806/15.
521
Let m(t) = t**3 - t**2 - 2*t + 10. Let k be m(0). Suppose -k = o - 13. Suppose c - o = 28. List the prime factors of c.
31
Suppose 3*h + 3*n - 56 = 16, -h - 5*n + 44 = 0. List the prime factors of h.
19
Let t(h) = 27*h - 89. Suppose 25 = 5*a - 3*g, 4 = 3*g - 11. List the prime factors of